+ 1/3. Suppose 4*m - 2*m - 2 = 4*q, -m = -w*q + 5. Suppose -t - 4*f + f = -8, -12 = -t - 2*f. What is the remainder when t is divided by m?
6
Suppose -m = -5*m - 5*i - 42, -i + 14 = -2*m. What is the remainder when 18 is divided by 50/4 + 12/m?
7
Suppose -3*g + 159 = -3*n, -3*n + n = -4*g + 214. Calculate the remainder when g is divided by 19.
16
Let u(z) = -7*z + 16. What is the remainder when u(-11) is divided by 12?
9
Suppose 2*g + 38 = 2*u - 0*g, 4*g + 20 = 0. Calculate the remainder when 26 is divided by u.
12
What is the remainder when 56 - (8 + (3 - 7)) is divided by 18?
16
Let p(f) = -3*f**2 + 5*f. Let k be p(-4). Let w = k - -102. Suppose 0 = 2*u + 6 - 30. Calculate the remainder when w is divided by u.
10
Suppose 11*x + 21 = 12*x. What is the remainder when 37 is divided by x?
16
Let y = -1 - -1. Suppose 2*c - j + 4*j - 2 = y, 0 = 3*c - 5*j - 41. Calculate the remainder when c is divided by 5.
2
Let m = -7 + -2. Let x = 26 + m. Calculate the remainder when 49 is divided by x.
15
Let i(j) = 0*j**2 + j**3 + j - j**2 + 17 + 0*j**2 + 2*j**2. Calculate the remainder when 65 is divided by i(0).
14
Let g(m) = m**3 - 5*m**2 + 2*m + 8. Calculate the remainder when g(5) is divided by 5.
3
Suppose 5*t + 97 = 3*k, 5*k - 3*t = -5*t + 172. What is the remainder when k is divided by 5?
4
Suppose 4*a - 7*a + 21 = 5*r, -15 = -r + 3*a. What is the remainder when 14 is divided by r?
2
Let w = 13 + -1. Suppose 2*q + 24 = -5*v, -3*q - 4*v = -q + 20. Let p(k) = k**2 - k + 1. Calculate the remainder when w is divided by p(q).
5
Let s be (3/(-2) - -1)*-2. Calculate the remainder when 16 + 1/s + -1 is divided by 0 - (-61)/7 - (-6)/21.
7
Let s(i) = i**2 - i + 2. Suppose -7*y + 3*y = -56. What is the remainder when y is divided by s(3)?
6
Suppose -5*y + 8 = 3*u, -2*y + 24 = y - 3*u. Let t = -27 - -36. Calculate the remainder when t is divided by y.
1
Suppose c = 3*j - 6, -2*j = -c + 4*c - 15. Suppose 2*p + 160 = -0*n + 5*n, -107 = -j*n - p. Suppose q - 2*q = -18. What is the remainder when n is divided by q?
16
Let f = 12 - 7. Let c be (2/(-2))/(1/(-5)). Suppose c*w - w = 56. Calculate the remainder when w is divided by f.
4
Suppose -3*d + 0*d = -15, 0 = -3*v + 5*d - 31. Let t be (-2)/(1*v*1). Calculate the remainder when 12 is divided by (2 - (-4 - t)) + 0.
5
Let t(a) = a**3 - 8*a**2 + 20*a + 5. What is the remainder when t(6) is divided by 14?
11
Suppose -3*h - 4*d + 38 = 0, 2*d + 1 = 11. Let m(w) = -8*w + 1. What is the remainder when m(-2) is divided by h?
5
Let a be (-2)/10 + 273/(-35). Calculate the remainder when 18 is divided by (-2)/a + 27/4.
4
Calculate the remainder when (12/(-2))/((-33)/176) is divided by 18.
14
Let a = -2 + 1. Let j(c) = 15*c**2 - 4*c - 3. Calculate the remainder when -2 - a*2 - -31 is divided by j(-1).
15
Let p = 129 + -82. What is the remainder when p is divided by 27?
20
Let j(g) = g + 25. Let w = -43 - -68. Calculate the remainder when w is divided by j(-11).
11
Suppose 33 = 2*r + 11. Let l = -19 + 51. What is the remainder when l is divided by r?
10
Suppose -40 = -5*q - 0. Let v(y) = -y**3 + 8*y**2 - 7*y - 1. Let i be v(q). Let f = 103 + i. Calculate the remainder when f is divided by 16.
14
Suppose 4*o - 92 = -3*j, 3*j + 2*j + 69 = 3*o. Calculate the remainder when 45 is divided by o.
22
Suppose 2*r - 29 = 59. What is the remainder when r is divided by 23?
21
Suppose -1 = m - 2*m. Suppose w - 30 = m. Calculate the remainder when w is divided by 17.
14
Calculate the remainder when 14 is divided by ((-30)/25)/((-2)/5) - -6.
5
Suppose -126*h + 120*h = -18. Let z = -4 - -9. Suppose -45 = -4*r + 5*q, 5*r + 0*q = z*q + 50. Calculate the remainder when r is divided by h.
2
Let i(z) = -z + 4. Let y be i(3). Let p be (-2 - -3 - 2) + y. Let n = 3 + p. Calculate the remainder when 7 is divided by n.
1
Let u(x) = 2*x**3 - 3*x**2 + 1. Suppose 0 = -4*b + 2*b + 4. Let i be u(b). Suppose -2 - i = -r. Calculate the remainder when 20 is divided by r.
6
Suppose 2*g + 3 = -9. Let p(w) = w**2 + 4*w - 5. What is the remainder when 32 - 26 - 1*-13 is divided by p(g)?
5
Let s(g) = -g**2 - g. Let b be s(-2). Calculate the remainder when (-257)/(-7) - b/7 is divided by 13.
11
Calculate the remainder when 260 is divided by 2 + (3/4)/(6/216).
28
Let j(q) = -28*q**3 - 2*q**2 - 2*q - 1. Let w = 3 + -7. Calculate the remainder when j(-1) is divided by w/(-2) - 4*-2.
7
Let m = -27 + 40. What is the remainder when m is divided by 15/2 + (-3)/6?
6
Let w(r) = r**2 - 3*r - 1. Let a be w(7). Let i(v) = -v**2 - 6*v - 7. Let p be i(-3). Suppose a = 5*c - p*c. What is the remainder when 16 is divided by c?
7
Suppose 0 = 3*o - 3*a - 15, o = 2*a + 3. Calculate the remainder when 26 is divided by o.
5
Suppose -13*y = -9*y - 8. Calculate the remainder when 3 is divided by y.
1
Let u = 10 + 2. Calculate the remainder when u is divided by 2*-4*(-21)/24.
5
Let k = 7 - 4. Let f = k - -10. Let d(a) = -a**3 - 3*a**2 - 4*a - 7. What is the remainder when f is divided by d(-3)?
3
Suppose -4*z - 46 = -2. Let s = z - -29. Calculate the remainder when s is divided by 10.
8
Let z(w) = -w**2 + 4*w + 14. What is the remainder when 52/14 - 4/(-14) is divided by z(6)?
0
What is the remainder when ((-48)/(-20) + 0)*30 is divided by 15?
12
Let l(v) = -v**3 - 7*v**2 + 1. Let m = 18 + -25. Let h(g) = g. Let f be h(m). What is the remainder when 2 is divided by l(f)?
0
Suppose d + 0*m = 4*m + 22, -5*d + 4*m = -94. Suppose 2*g + d = 3*q, q - 6*q - 4*g = -8. Calculate the remainder when 6 is divided by q.
2
Let u = 41 - -42. What is the remainder when u is divided by 21?
20
Suppose 5*d - 3 = 2. What is the remainder when 6 is divided by (-6)/(3/(-2)*d)?
2
Suppose -2*u + 74 + 70 = -m, 0 = -2*u - m + 140. Let b = u - 27. What is the remainder when b is divided by 15?
14
Let x = -11 - -8. Let k = 18 - x. Calculate the remainder when k is divided by 8.
5
Let a = 12 - 8. Suppose 4*c - 24 = 3*g, 0*c + 24 = a*c + 3*g. Let x = -11 - -22. Calculate the remainder when x is divided by c.
5
Suppose 10*i - 302 = 8*i. What is the remainder when i is divided by 38?
37
Let n = 9 + -7. Suppose 4*l - 20 = n*b, 2*l = 3*b - 1 + 19. Suppose 0*a - 174 = -l*a. Calculate the remainder when a is divided by 20.
18
Let x = 7 - 8. Suppose -5*a = 4*t - 173, 3*a + 3*t - 139 = -a. Calculate the remainder when a is divided by (3 + x)*65/10.
11
Let d = 10 - 6. Calculate the remainder when 11 is divided by d.
3
Suppose -108 = -5*a + 217. Suppose -i + 6*i = h + a, i + 5*h - 39 = 0. Suppose 0*w = 4*v - 4*w - 108, 0 = -w - 1. What is the remainder when v is divided by i?
12
Suppose -17*i - 1338 = -23*i. Calculate the remainder when i is divided by 25.
23
Let j = 2 + 0. What is the remainder when 61/3 + j/(-6) is divided by 7?
6
Let d be -1*1 - 9/3. Let m(a) = 3*a. Let j(v) = 1. Let s(l) = -4*j(l) - m(l). What is the remainder when s(d) is divided by 5?
3
Let g = 2 + 0. Let n be (-1 - -13)*11/g. Let t = -34 + n. Calculate the remainder when t is divided by 11.
10
Let h(s) = -s**2 - 5*s + 5. Let k be h(-5). Suppose k*j + 10 = -3*o + 2*o, 29 = -4*j - 5*o. Calculate the remainder when (6*5/(-2))/j is divided by 4.
3
Calculate the remainder when 45 is divided by -4*2/(-4) - -8.
5
Let g be 2 + -3*(-3)/3. Suppose 1 + 79 = g*s. Suppose 0 = -5*y - 20, 3*k - 253 = -4*y - 83. What is the remainder when k is divided by s?
14
Let u(b) = 3*b. Let n be u(4). Let t = n - 0. Suppose -v - 1 = 3, -5*m + 5*v + 195 = 0. Calculate the remainder when m is divided by t.
11
Let k(c) = -c + 3. Let m be k(6). Calculate the remainder when ((-322)/(-28))/((-1)/(-2)) is divided by ((-18)/m)/(0 + 1).
5
Let u(b) = b**3 + 9*b**2 + 8*b + 6. What is the remainder when (-54)/(-3) + (-3 - -1) is divided by u(-8)?
4
Suppose -2*y + 6 = -0. Suppose 0 = y*q - 20 - 43. Suppose 32 = 4*d - 12. What is the remainder when q is divided by d?
10
Let q(z) = z**3 - 21*z**2 - 22*z + 7. Calculate the remainder when 33 is divided by q(22).
5
Suppose -2*u - 38 = -2*q, 25 + 16 = 2*q - 5*u. Suppose 4*d - 10 = 2*x + 22, 4*d + 5*x - 60 = 0. What is the remainder when q is divided by d?
8
Calculate the remainder when 3 + 13 + 0 + 4 is divided by 6.
2
Suppose -c = -11*c + 250. Calculate the remainder when 172 is divided by c.
22
Let a(d) = -d + 13. Let q be a(10). Suppose 1 + q = 